be 1/(-3) + 9793/21. Suppose -3*r - d - 269 = 0. Let j = r - -826. Is j a prime number?
False
Let s = 39 + -32. Is (-6)/(-21) - (-13221)/s composite?
False
Suppose 69*f - 62*f = 12299. Is f prime?
False
Let n(g) = 71*g**3 - 2*g**2 - 3*g + 3. Suppose -2*z = 4*t + 6 - 14, 6 = 3*t + 5*z. Is n(t) a prime number?
True
Suppose 9*m - 23222 - 259 = 0. Is m a prime number?
True
Let n(t) = -t**3 + 11*t**2 + 4*t + 6. Suppose -2*f + 0*f + 3*i + 10 = 0, 0 = 4*f - 5*i - 24. Suppose 0 = o - f + 1. Is n(o) prime?
False
Suppose -8 = -2*m, 3*m - 3000 = 5*u - 70243. Is u composite?
False
Let v be (-12)/(-42) - (-3748)/14. Suppose s + 59 = -v. Let h = -178 - s. Is h a prime number?
True
Suppose 0 = -2*c + 2*u + 60050, -5*c - u = -198612 + 48463. Is c composite?
False
Let s be -3 + -3 + (-3)/(-1) - -3. Is 2 + s + (-1 - -418) composite?
False
Let t(x) = 6273*x**3 + 2*x**2 - 2*x + 1. Is t(1) a composite number?
True
Suppose -5*s = -12*s + 21. Suppose -5*n = a - 22, -a - 5 + s = -n. Suppose g + 5*p - 3*p = 321, a*g - 666 = 2*p. Is g prime?
False
Suppose 5*v = -3*z + 15, 0 = -2*z + 2*v - 0 + 10. Suppose 7785 = z*n + 5*u, -3*n + 2*u = -3*u - 4687. Is n composite?
False
Let h(q) = 4906*q - 17. Is h(1) prime?
True
Suppose 6*h - 11*h = 0. Let s(j) = 0*j + h*j + 2*j - j**2 + 2*j**2 - 6. Is s(-10) a prime number?
False
Let i be (1/(-2))/((-24)/336). Let d be i - -1 - (19 - 16). Suppose 3*s = d*c - 1907, -387 = -c - s - 4*s. Is c a composite number?
True
Let s(q) = -62802*q**3 - 2*q**2 + 6*q + 7. Is s(-1) a composite number?
False
Suppose -5*a = 25, -5*j - 5*a + 2*a - 5 = 0. Suppose -j*b - b = -2901. Is b a prime number?
True
Let c be (3 - (-2)/(-1))*1. Let l(q) = 131*q**2 - q + 1. Is l(c) prime?
True
Let l(q) = q**2 - 25*q + 20. Let w(v) = -v**2 + 12*v - 10. Let d(z) = -2*l(z) - 5*w(z). Is d(7) a composite number?
True
Let b(z) be the third derivative of 53*z**6/180 + z**5/120 - z**4/8 - z**3/2 - 6*z**2. Let n(v) be the first derivative of b(v). Is n(-2) composite?
False
Let m(j) be the second derivative of -j**4/6 + 11*j**3/6 - j**2/2 + 3*j. Let c be m(9). Let l = c - -191. Is l composite?
False
Let m = -2305 - -4675. Suppose -b = -4*h - 0*h - 787, -3*b + 3*h = -m. Is b composite?
True
Let m = 15131 - 10380. Is m a composite number?
False
Suppose -4*y = -3*u + 8, -u + 0*u - 10 = 5*y. Is y*(-3 - (-2)/(-8)*286) composite?
False
Suppose -q + 143 + 152 = -3*t, 4*q - 2*t - 1230 = 0. Suppose -l + g + 307 = -3*g, l = 3*g + q. Is l prime?
False
Let l(w) = -2*w**2 + 7*w + 6. Let n be l(6). Is n/32 + 1886/8 prime?
False
Let w = -12 + -8. Let j be (204/(-30))/(2/w). Suppose 6*z - j = 334. Is z a prime number?
True
Let k = 13731 + 638. Is k a prime number?
True
Suppose -9*m = -5*m - 20. Suppose 0 = m*p + f - 705, 2*p + 2*p = -f + 564. Is p prime?
False
Let z(k) = 202*k**2 - 5. Let p be (9/(81/(-12)))/((-1)/(-3)). Is z(p) a prime number?
False
Is (-18)/(-27) + 29707/3 a prime number?
False
Suppose -2*n = g - 22, 2*n + n + 102 = 3*g. Is (2 + -624)*(g/12 + -3) a prime number?
True
Let w be -8 + 1 + 3 - -4. Let n(d) = d**3 + d**2 + d + 111. Is n(w) composite?
True
Let j be (-964)/(-1) + (-16)/(-8). Let n = -20 - -20. Suppose -b + n*b = -5*l - 334, 3*b - 3*l = j. Is b prime?
False
Let w(k) = -3*k**3 - 3*k**2 - 8*k - 5. Suppose -6 = -3*z + 3. Suppose d - 25 = 5*m, -z*m - 4*d = -m + 10. Is w(m) a prime number?
False
Suppose -5*q + 24 = -2*q - h, 4*h + 40 = 4*q. Suppose -g - 3030 = -q*g. Is g composite?
True
Let a(u) = -u + 13. Let b be a(10). Let m(t) = 72*t - 5. Is m(b) a prime number?
True
Is 8169/33 + 18/(-33) a composite number?
True
Let i be (84/(-16))/(2/8). Let j be (-4)/6 + (-56)/i. Suppose -j*k - 846 = -4*t - k, 5*t + 5*k - 1045 = 0. Is t composite?
False
Let w be (-4)/(16/30)*2. Let t be w/25 + (-76)/(-10). Suppose 2*g + 2*l = t*l + 4, -5*g = -l - 10. Is g composite?
False
Suppose 0 = x + p, x + p = 2*p + 2. Let c = 33 + x. Is c prime?
False
Suppose 5*c = 2*c. Suppose 4*z - 279 - 4489 = c. Suppose f + 7*f = z. Is f a prime number?
True
Let j = 5 - 1. Suppose -5*l + 5 = 0, -j*l + 292 = -4*o + 7156. Is o a composite number?
True
Let m(z) = -z**3 + z**2 + 4*z + 12745. Is m(0) a prime number?
False
Let u(p) = 113*p**3 + 2*p**2 - 16*p + 29. Is u(4) composite?
False
Suppose -6*t - 22 = -142. Let j = 66 + -44. Suppose j*f - 502 = t*f. Is f a prime number?
True
Let m be 6/9 - 14/(-6). Suppose 0 = 2*y + 8, 3*f - m*y - 11 = 10. Suppose -4*x + 25 = 2*l - f*x, -x - 5 = 0. Is l prime?
False
Let j be 1 - 4*2/(-2). Suppose -3*c - 2*h = -108 + 18, j*h + 15 = 0. Is 447/4 - 24/c a prime number?
False
Let s = -15043 + 21990. Is s prime?
True
Let g = -7 - -10. Let p be -98*(-3)/(-2*g). Let f = 107 + p. Is f composite?
True
Suppose 0 = -9*u + 241212 + 24891. Is u a prime number?
True
Let b(n) = -64*n + 27. Let c(y) = 257*y - 108. Let x(p) = -9*b(p) - 2*c(p). Is x(4) prime?
False
Let f = -4946 + 12003. Is f a prime number?
True
Let x = 33 - 23. Is 6808/20 + 6/x a composite number?
True
Suppose -5*u + 3*h + 11570 = 0, -2*u + 2*h - 5*h + 4649 = 0. Is u composite?
True
Let g(p) = 4*p**3 - 6*p**2 - 5*p + 5. Let j be ((-28)/(-42))/(2/15). Let o be g(j). Let l = o + -125. Is l a prime number?
False
Let m(u) = 21*u**3 - 7*u**2 + 2*u - 1. Is m(5) composite?
False
Let a(t) = 478*t - 143. Is a(7) a prime number?
True
Suppose 13 - 33 = -5*z. Let k(m) = 8*m**3 + m**2 + 3*m + 1. Is k(z) a prime number?
True
Let s be 4 + 2 + (-4 - 6). Is 16/s - (2 - 499) prime?
False
Suppose j - 3*h = 497, -j + 0*h - 3*h + 473 = 0. Is j composite?
True
Let a = -37837 + 55094. Is a a prime number?
True
Suppose 2*f - 11 = -1. Suppose -f*s = 5*k - 173 - 737, 4*s - 723 = k. Is s prime?
True
Let s = -26138 + 39967. Is s prime?
True
Is -4 + (-34)/(-136) + (-39022)/(-8) a prime number?
False
Suppose -4 = 2*n, 4*n = 2*v + 2*n - 16. Let l be ((-618)/3)/(v/(-12)). Suppose 90 + l = 2*h + 2*d, 3 = -d. Is h a prime number?
False
Let c(h) = -h + 0*h + 1 + 2 + 0*h. Let w be c(0). Suppose 3*t - 86 - 153 = -2*a, t + w*a - 68 = 0. Is t a composite number?
False
Suppose 7*r - 30177 = -2*r. Suppose 4*q - 5*a - 1196 = 1516, 3*a = -5*q + r. Is q composite?
False
Suppose b + 223*g - 2483 = 221*g, 3*g + 12467 = 5*b. Is b a composite number?
True
Let h = 59 - 59. Suppose -4*r = -5*i + r + 12870, -3*i - 3*r + 7752 = h. Is i a prime number?
True
Suppose -8*y = -4*y - 8. Suppose 290 + 24 = y*m. Is m composite?
False
Let g(s) = 16*s + 5. Let f = 17 + -14. Let h be 1/f*(15 - 0). Is g(h) a prime number?
False
Let n(b) = b**3 + 7*b**2 + b - 3. Let y be n(-6). Suppose y - 78 = -h. Is h prime?
False
Let b be (-46)/(-1) - (4 + -3). Suppose -2*v + 5*u - 10 = -134, 3*v = 4*u + 193. Let y = v - b. Is y prime?
False
Is (-1 + -1)/((-2)/4339) a composite number?
False
Let j be 12/((-2)/(-1))*6/9. Is j/3 + 3 + 2820/18 composite?
True
Is (-137)/((2/52)/(9/(-18))) a composite number?
True
Suppose l = -5*c + 6*l, l = -3*c. Suppose c = -2*f + 135 + 287. Is f a composite number?
False
Let h = 68739 - 42400. Is h composite?
False
Let s(y) = 2299*y**2 + 6*y - 3. Is s(-2) a prime number?
True
Let w(u) = 12*u**2 + 3*u - 58. Is w(-17) a composite number?
False
Is ((-501)/(-9) + -3)*2082/4 a composite number?
True
Let z(n) = 9*n**3 + 2*n**2 + 4*n - 1. Let t be (16/(-4))/(-3 - -2). Is z(t) a prime number?
False
Suppose 0 = 25*u - 61*u + 736812. Is u composite?
True
Let c = 8313 - 4352. Is c composite?
True
Suppose -8*w + 8871 = -72673. Is w composite?
False
Let d(j) be the third derivative of j**5/6 - j**3/2 + 24*j**2. Let a be (0 + 1)/((-3)/(-15)). Is d(a) a prime number?
False
Let u(n) = 6357*n**2 - 4*n. Is u(1) a composite number?
False
Suppose 4*r - 107005 = 14*m - 17*m, 3*m + 106987 = 4*r. Is r prime?
False
Suppose -259 = -2*z - 95. Is 174 + 12/(-78) + z/26 prime?
False
Is (17/34)/(-3*3/(-210186)) a prime number?
True
Let o = -39 - -43. Is (-742)/o*-1*(3 - 1) composite?
True
Let r(c) = -3*c**3 - 12*c**2 - c + 5. Let h(w) = -8*w**3 - 35*w**2 - 3*w + 15. Let t(n) = 6*h(n) - 17*r(n). Is t(6) composite?
False
Let m = 35 - 23. Let o(f) = 4*f + m + 9*f - 6*f**3 + 5*f**3 + 10*f**2. Is o(11) prime?
False
Let g = -267 - -1340. Suppose -m + 4452 = -7*m. Let f = m + g. Is f prime?
True
Let h be 71 - 1/((-4)/(-8)). Suppose -3*p + h = -183. Let l = p + 173. Is l a composite number?
False
S